{"id":68,"date":"2022-03-03T23:24:19","date_gmt":"2022-03-03T22:24:19","guid":{"rendered":"http:\/\/www.fundacjawieluserc.pl\/?page_id=68"},"modified":"2026-04-21T10:50:09","modified_gmt":"2026-04-21T08:50:09","slug":"kontakt","status":"publish","type":"page","link":"https:\/\/fundacjawieluserc.pl\/index.php\/kontakt\/","title":{"rendered":"Kontakt"},"content":{"rendered":"<p><img decoding=\"async\" title=\"Projekt bez tytu\u0142u (3)\" src=\"https:\/\/fundacjawieluserc.pl\/wp-content\/uploads\/elementor\/thumbs\/Projekt-bez-tytulu-3-1-pm0hputysdrkbci4yvvc2x9z3oqxtph1orzuf0m200.png\" alt=\"Projekt bez tytu\u0142u (3)\" \/><\/p>\n<h1>Skontaktuj si\u0119\u00a0z nami<\/h1>\n<ul>\n<li>kontakt@fundacjawieluserc.pl<\/li>\n<li>530 141 828<\/li>\n<\/ul>\n<aside id=\"block-17\"><\/aside>\n<aside id=\"custom_html-3\">Wszelkie sugestie b\u0105d\u017a problemy, prosimy kierowa\u0107 na naszego maila:<br \/>\nkontakt@fundacjawieluserc.pl<\/aside>\n<h3><\/h3>\n<figure><figcaption><\/figcaption><\/figure>\n<figure><figcaption><\/figcaption><\/figure>\n<figure><figcaption><\/figcaption><\/figure>\n","protected":false},"excerpt":{"rendered":"<p>Skontaktuj si\u0119\u00a0z nami kontakt@fundacjawieluserc.pl 530 141 828 Wszelkie sugestie b\u0105d\u017a problemy, prosimy kierowa\u0107 na naszego maila: kontakt@fundacjawieluserc.pl<\/p>\n","protected":false},"author":1,"featured_media":200,"parent":0,"menu_order":0,"comment_status":"closed","ping_status":"closed","template":"","meta":{"footnotes":""},"class_list":["post-68","page","type-page","status-publish","has-post-thumbnail","hentry"],"blocksy_meta":[],"_links":{"self":[{"href":"https:\/\/fundacjawieluserc.pl\/index.php\/wp-json\/wp\/v2\/pages\/68","targetHints":{"allow":["GET"]}}],"collection":[{"href":"https:\/\/fundacjawieluserc.pl\/index.php\/wp-json\/wp\/v2\/pages"}],"about":[{"href":"https:\/\/fundacjawieluserc.pl\/index.php\/wp-json\/wp\/v2\/types\/page"}],"author":[{"embeddable":true,"href":"https:\/\/fundacjawieluserc.pl\/index.php\/wp-json\/wp\/v2\/users\/1"}],"replies":[{"embeddable":true,"href":"https:\/\/fundacjawieluserc.pl\/index.php\/wp-json\/wp\/v2\/comments?post=68"}],"version-history":[{"count":44,"href":"https:\/\/fundacjawieluserc.pl\/index.php\/wp-json\/wp\/v2\/pages\/68\/revisions"}],"predecessor-version":[{"id":1518,"href":"https:\/\/fundacjawieluserc.pl\/index.php\/wp-json\/wp\/v2\/pages\/68\/revisions\/1518"}],"wp:featuredmedia":[{"embeddable":true,"href":"https:\/\/fundacjawieluserc.pl\/index.php\/wp-json\/wp\/v2\/media\/200"}],"wp:attachment":[{"href":"https:\/\/fundacjawieluserc.pl\/index.php\/wp-json\/wp\/v2\/media?parent=68"}],"curies":[{"name":"wp","href":"https:\/\/api.w.org\/{rel}","templated":true}]}}